{"id":619,"date":"2026-03-18T23:04:09","date_gmt":"2026-03-18T23:04:09","guid":{"rendered":"https:\/\/catamarcatech.com\/?product=pilas-aa-alcalina-x4-probattery-pnak-aa-blx4"},"modified":"2026-03-20T01:41:06","modified_gmt":"2026-03-20T01:41:06","slug":"pilas-aa-alcalina-x4-probattery-pnak-aa-blx4","status":"publish","type":"product","link":"https:\/\/catamarcatech.com\/?product=pilas-aa-alcalina-x4-probattery-pnak-aa-blx4","title":{"rendered":"PILAS AA ALCALINA x4 PROBATTERY PNAK-AA-BLX4"},"content":{"rendered":"<p>Las pilas alcalinas AA 1,5V Probattery vienen en un pr\u00e1ctico bl\u00edster de 4 unidades. Estas pilas son ideales para dispositivos con un mayor consumo de energ\u00eda, como controles remotos, juguetes, linternas y otros aparatos electr\u00f3nicos port\u00e1tiles. Ofrecen una larga duraci\u00f3n y son una alternativa superior a las pilas normales.<\/p>\n<ul>\n<li>Tipo de pila: Alcalina<\/li>\n<li>Tama\u00f1o: AA (LR6)<\/li>\n<li>Voltaje: 1,5V<\/li>\n<li>Libre de cadmio\/mercurio: S\u00ed<\/li>\n<li>Duraci\u00f3n: Larga<\/li>\n<li>Medidas (aprox.): Di\u00e1metro: 14,5 mm, Altura: 50,5 mm<\/li>\n<\/ul>\n","protected":false},"excerpt":{"rendered":"<p>Las pilas alcalinas AA 1,5V Probattery vienen en un pr\u00e1ctico bl\u00edster de 4 unidades. Estas pilas son ideales para dispositivos con un mayor consumo de energ\u00eda, como controles remotos, juguetes, linternas y otros aparatos electr\u00f3nicos port\u00e1tiles. Ofrecen una larga duraci\u00f3n y son una alternativa superior a las pilas normales. Tipo de pila: Alcalina Tama\u00f1o: AA [&hellip;]<\/p>\n","protected":false},"featured_media":645,"template":"","meta":[],"product_brand":[],"product_cat":[30],"product_tag":[],"class_list":{"0":"post-619","1":"product","2":"type-product","3":"status-publish","4":"has-post-thumbnail","6":"product_cat-energia-2","8":"first","9":"instock","10":"shipping-taxable","11":"purchasable","12":"product-type-simple"},"jetpack_sharing_enabled":true,"_links":{"self":[{"href":"https:\/\/catamarcatech.com\/index.php?rest_route=\/wp\/v2\/product\/619","targetHints":{"allow":["GET"]}}],"collection":[{"href":"https:\/\/catamarcatech.com\/index.php?rest_route=\/wp\/v2\/product"}],"about":[{"href":"https:\/\/catamarcatech.com\/index.php?rest_route=\/wp\/v2\/types\/product"}],"wp:featuredmedia":[{"embeddable":true,"href":"https:\/\/catamarcatech.com\/index.php?rest_route=\/wp\/v2\/media\/645"}],"wp:attachment":[{"href":"https:\/\/catamarcatech.com\/index.php?rest_route=%2Fwp%2Fv2%2Fmedia&parent=619"}],"wp:term":[{"taxonomy":"product_brand","embeddable":true,"href":"https:\/\/catamarcatech.com\/index.php?rest_route=%2Fwp%2Fv2%2Fproduct_brand&post=619"},{"taxonomy":"product_cat","embeddable":true,"href":"https:\/\/catamarcatech.com\/index.php?rest_route=%2Fwp%2Fv2%2Fproduct_cat&post=619"},{"taxonomy":"product_tag","embeddable":true,"href":"https:\/\/catamarcatech.com\/index.php?rest_route=%2Fwp%2Fv2%2Fproduct_tag&post=619"}],"curies":[{"name":"wp","href":"https:\/\/api.w.org\/{rel}","templated":true}]}}