{"id":844,"date":"2026-04-20T12:20:57","date_gmt":"2026-04-20T12:20:57","guid":{"rendered":"https:\/\/catamarcatech.com\/?post_type=product&#038;p=844"},"modified":"2026-04-20T12:20:57","modified_gmt":"2026-04-20T12:20:57","slug":"camara-web-con-microfono-720p","status":"publish","type":"product","link":"https:\/\/catamarcatech.com\/?product=camara-web-con-microfono-720p","title":{"rendered":"CAMARA WEB CON MICROFONO 720P"},"content":{"rendered":"<ul>\n<li>Conector USB 2.1<\/li>\n<li>Resoluci\u00f3n HD 720 mpx<\/li>\n<li>C\u00e1mara con Clip Incorporado<\/li>\n<li>Sensor de imagen: CMOS<\/li>\n<li>Lente de vidrio de alta calidad<\/li>\n<li>Velocidad de fotogramas: 30 fps<\/li>\n<li>Longitud focal: 8 mm-infinito<\/li>\n<li>Color del producto: Negro y Rojo<\/li>\n<li>Longitud del cable: 138 cm<\/li>\n<li>Medidas del art\u00edculo: 5.5cm x 3cm<\/li>\n<li>Peso del producto: 65g<\/li>\n<li>Peso del paquete: 74g<\/li>\n<li>Micr\u00f3fono de absorci\u00f3n de sonido incorporado<\/li>\n<li>Movimiento giratorio hacia los costados<\/li>\n<li>Movimiento hacia arriba \/ abajo de 30 grados<\/li>\n<li>Apto para computadoras port\u00e1tiles y de escritorio<\/li>\n<li>Balance de blancos autom\u00e1tico, correcci\u00f3n autom\u00e1tica de color<\/li>\n<li>Sistemas Operativos Compatibles Windows XP \/ 2003 \/ 7 \/ 8 \/ 10 \/ Vista \/ Mac iOS de 32 bits<\/li>\n<li>Admite CC2000, AIM, Netmeeting, ICQ, MSN Messenger, Yahoo Messenger y Skype, etc.<\/li>\n<\/ul>\n","protected":false},"excerpt":{"rendered":"<p>Conector USB 2.1 Resoluci\u00f3n HD 720 mpx C\u00e1mara con Clip Incorporado Sensor de imagen: CMOS Lente de vidrio de alta calidad Velocidad de fotogramas: 30 fps Longitud focal: 8 mm-infinito Color del producto: Negro y Rojo Longitud del cable: 138 cm Medidas del art\u00edculo: 5.5cm x 3cm Peso del producto: 65g Peso del paquete: 74g [&hellip;]<\/p>\n","protected":false},"featured_media":845,"template":"","meta":[],"product_brand":[],"product_cat":[15],"product_tag":[],"class_list":{"0":"post-844","1":"product","2":"type-product","3":"status-publish","4":"has-post-thumbnail","6":"product_cat-varios","8":"first","9":"instock","10":"shipping-taxable","11":"purchasable","12":"product-type-simple"},"jetpack_sharing_enabled":true,"_links":{"self":[{"href":"https:\/\/catamarcatech.com\/index.php?rest_route=\/wp\/v2\/product\/844","targetHints":{"allow":["GET"]}}],"collection":[{"href":"https:\/\/catamarcatech.com\/index.php?rest_route=\/wp\/v2\/product"}],"about":[{"href":"https:\/\/catamarcatech.com\/index.php?rest_route=\/wp\/v2\/types\/product"}],"wp:featuredmedia":[{"embeddable":true,"href":"https:\/\/catamarcatech.com\/index.php?rest_route=\/wp\/v2\/media\/845"}],"wp:attachment":[{"href":"https:\/\/catamarcatech.com\/index.php?rest_route=%2Fwp%2Fv2%2Fmedia&parent=844"}],"wp:term":[{"taxonomy":"product_brand","embeddable":true,"href":"https:\/\/catamarcatech.com\/index.php?rest_route=%2Fwp%2Fv2%2Fproduct_brand&post=844"},{"taxonomy":"product_cat","embeddable":true,"href":"https:\/\/catamarcatech.com\/index.php?rest_route=%2Fwp%2Fv2%2Fproduct_cat&post=844"},{"taxonomy":"product_tag","embeddable":true,"href":"https:\/\/catamarcatech.com\/index.php?rest_route=%2Fwp%2Fv2%2Fproduct_tag&post=844"}],"curies":[{"name":"wp","href":"https:\/\/api.w.org\/{rel}","templated":true}]}}